 digit of 100095?
0
What is the thousands digit of 2492?
2
What is the thousands digit of 5902?
5
What is the thousands digit of 2587?
2
What is the hundreds digit of 12080?
0
What is the thousands digit of 22838?
2
What is the units digit of 11371?
1
What is the units digit of 8819?
9
What is the thousands digit of 1640?
1
What is the hundreds digit of 6274?
2
What is the hundreds digit of 2560?
5
What is the thousands digit of 35141?
5
What is the tens digit of 66017?
1
What is the thousands digit of 7114?
7
What is the tens digit of 5754?
5
What is the thousands digit of 1262?
1
What is the hundreds digit of 618?
6
What is the tens digit of 3850?
5
What is the units digit of 1887?
7
What is the thousands digit of 3206?
3
What is the thousands digit of 23207?
3
What is the units digit of 11205?
5
What is the units digit of 1591?
1
What is the units digit of 6905?
5
What is the tens digit of 11395?
9
What is the thousands digit of 98915?
8
What is the hundreds digit of 10773?
7
What is the thousands digit of 12716?
2
What is the hundreds digit of 12244?
2
What is the units digit of 4365?
5
What is the thousands digit of 2158?
2
What is the tens digit of 5705?
0
What is the units digit of 61230?
0
What is the units digit of 6590?
0
What is the tens digit of 85?
8
What is the units digit of 1990?
0
What is the tens digit of 1655?
5
What is the tens digit of 1945?
4
What is the units digit of 21368?
8
What is the hundreds digit of 642?
6
What is the hundreds digit of 54683?
6
What is the units digit of 104074?
4
What is the tens digit of 16679?
7
What is the hundreds digit of 1945?
9
What is the tens digit of 1678?
7
What is the thousands digit of 21387?
1
What is the thousands digit of 7722?
7
What is the units digit of 1110?
0
What is the tens digit of 165322?
2
What is the hundreds digit of 29165?
1
What is the thousands digit of 12953?
2
What is the hundreds digit of 1886?
8
What is the thousands digit of 5109?
5
What is the ten thousands digit of 10453?
1
What is the hundreds digit of 733?
7
What is the units digit of 39966?
6
What is the thousands digit of 2652?
2
What is the units digit of 224?
4
What is the thousands digit of 6836?
6
What is the hundreds digit of 35009?
0
What is the tens digit of 393?
9
What is the thousands digit of 5468?
5
What is the units digit of 811?
1
What is the thousands digit of 2144?
2
What is the tens digit of 382?
8
What is the tens digit of 25299?
9
What is the tens digit of 212?
1
What is the hundreds digit of 10624?
6
What is the tens digit of 2666?
6
What is the tens digit of 13200?
0
What is the tens digit of 75?
7
What is the units digit of 982?
2
What is the tens digit of 90307?
0
What is the tens digit of 791?
9
What is the thousands digit of 1316?
1
What is the thousands digit of 16984?
6
What is the hundreds digit of 4249?
2
What is the hundreds digit of 601?
6
What is the thousands digit of 13998?
3
What is the tens digit of 14963?
6
What is the thousands digit of 3040?
3
What is the tens digit of 28?
2
What is the hundreds digit of 1047?
0
What is the hundreds digit of 87902?
9
What is the tens digit of 191349?
4
What is the tens digit of 685?
8
What is the hundreds digit of 69704?
7
What is the hundreds digit of 3413?
4
What is the units digit of 53645?
5
What is the hundreds digit of 12239?
2
What is the hundreds digit of 1207?
2
What is the tens digit of 20247?
4
What is the tens digit of 13047?
4
What is the thousands digit of 1558?
1
What is the hundreds digit of 156?
1
What is the hundreds digit of 1456?
4
What is the thousands digit of 1364?
1
What is the thousands digit of 46348?
6
What is the tens digit of 719?
1
What is the units digit of 37852?
2
What is the thousands digit of 29244?
9
What is the units digit of 232?
2
What is the tens digit of 854?
5
What is the units digit of 4273?
3
What is the units digit of 23244?
4
What is the tens digit of 583?
8
What is the hundreds digit of 10944?
9
What is the tens digit of 6760?
6
What is the hundreds digit of 20038?
0
What is the units digit of 153611?
1
What is the tens digit of 1690?
9
What is the tens digit of 12042?
4
What is the hundreds digit of 1760?
7
What is the hundreds digit of 660?
6
What is the thousands digit of 1214?
1
What is the units digit of 132625?
5
What is the hundreds digit of 601?
6
What is the thousands digit of 1012?
1
What is the units digit of 674?
4
What is the tens digit of 12728?
2
What is the hundreds digit of 777?
7
What is the units digit of 41546?
6
What is the tens digit of 37980?
8
What is the hundreds digit of 60591?
5
What is the ten thousands digit of 29432?
2
What is the hundreds digit of 10545?
5
What is the hundreds digit of 233?
2
What is the thousands digit of 51502?
1
What is the tens digit of 35814?
1
What is the ten thousands digit of 40161?
4
What is the hundreds digit of 79981?
9
What is the tens digit of 50397?
9
What is the units digit of 361?
1
What is the tens digit of 3614?
1
What is the hundreds digit of 48637?
6
What is the thousands digit of 12070?
2
What is the thousands digit of 2045?
2
What is the ten thousands digit of 15319?
1
What is the thousands digit of 4668?
4
What is the hundreds digit of 197315?
3
What is the hundreds digit of 22153?
1
What is the units digit of 1081?
1
What is the ten thousands digit of 79991?
7
What is the tens digit of 71?
7
What is the tens digit of 12191?
9
What is the thousands digit of 1604?
1
What is the thousands digit of 21876?
1
What is the ten thousands digit of 46779?
4
What is the units digit of 112084?
4
What is the units digit of 9106?
6
What is the hundreds digit of 96553?
5
What is the thousands digit of 5391?
5
What is the ten thousands digit of 69432?
6
What is the hundreds digit of 170?
1
What is the tens digit of 4109?
0
What is the hundreds digit of 832?
8
What is the units digit of 1285?
5
What is the tens digit of 120?
2
What is the units digit of 103584?
4
What is the units digit of 285?
5
What is the ten thousands digit of 16576?
1
What is the tens digit of 453?
5
What is the hundreds digit of 1129?
1
What is the hundreds digit of 4028?
0
What is the tens digit of 3919?
1
What is the tens digit of 7383?
8
What is the ten thousands digit of 136879?
3
What is the units digit of 2614?
4
What is the thousands digit of 32037?
2
What is the ten thousands digit of 29656?
2
What is the thousands digit of 25846?
5
What is the ten thousands digit of 98634?
9
What is the units digit of 9065?
5
What is the units digit of 8069?
9
What is the hundreds digit of 8331?
3
What is the thousands digit of 14934?
4
What is the tens digit of 650?
5
What is the hundreds digit of 816?
8
What is the hundreds digit of 580?
5
What is the tens digit of 1528?
2
What is the thousands digit of 31171?
1
What is the tens digit of 1261?
6
What is the hundreds digit of 3205?
2
What is the units digit of 180837?
7
What is the tens digit of 24110?
1
What is the tens digit of 344?
4
What is the ten thousands digit of 67822?
6
What is the units digit of 8436?
6
What is the tens digit of 51709?
0
What is the thousands digit of 161955?
1
What is the ten thousands digit of 13309?
1
What is the tens digit of 90857?
5
What is the thousands digit of 40046?
0
What is the units digit of 41538?
8
What is the hundreds digit of 3735?
7
What is the hundreds digit of 32184?
1
What is the ten thousands digit of 10028?
1
What is the units digit of 1195?
5
What is the thousands digit of 69828?
9
What is the thousands digit of 110351?
0
What is the units digit of 870?
0
What is the ten thousands digit of 24124?
2
What is the ten thousands digit of 34907?
3
What is the tens digit of 4781?
8
What is the units digit of 9103?
3
What is the tens digit of 43594?
9
What is the tens digit of 68523?
2
What is the hundreds digit of 9864?
8
What is the thousands digit of 24059?
4
What is the units digit of 6172?
2
What is the hundreds digit of 6284?
2
What is the units digit of 3075?
5
What is the hundreds digit of 1249?
2
What is the ten thousands digit of 11727?
1
What is the tens digit of 20246?
4
What is the hundreds digit of 3624?
6
What is the tens digit of 36852?
5
What is the hundreds digit of 4986?
9
What is the thousands digit of 70882?
0
What is the hundreds digit of 34430?
4
Wh